{"id":95,"date":"2020-11-27T10:18:53","date_gmt":"2020-11-27T10:18:53","guid":{"rendered":"https:\/\/www.vicpuntzero.cat\/?page_id=95"},"modified":"2024-05-08T13:17:14","modified_gmt":"2024-05-08T11:17:14","slug":"contenido-loc1","status":"publish","type":"page","link":"https:\/\/www.vicpuntzero.cat\/es\/contenido-loc1\/","title":{"rendered":"Capilla Fonda"},"content":{"rendered":"<div class=\"wp-block-buttons is-layout-flex wp-block-buttons-is-layout-flex\"><div class=\"wp-block-button backButton\"><a class=\"wp-block-button__link has-background wp-element-button\" href=\"\/es\/mapa\" style=\"background-color:#af1585\" rel=\"\/mapa\">Volver atr\u00e1s<\/a><\/div><\/div><div style=\"height:39px\" aria-hidden=\"true\" class=\"wp-block-spacer\"><\/div><!--[if lt IE 9]><script>document.createElement('audio');<\/script><![endif]-->\n<audio class=\"wp-audio-shortcode\" id=\"audio-95-1\" preload=\"none\" style=\"width: 100%;\" controls=\"controls\"><source type=\"audio\/mpeg\" src=\"https:\/\/www.vicpuntzero.cat\/wp-content\/uploads\/2020\/11\/01-El-Latido-de-las-piedras.mp3?_=1\" \/><a href=\"https:\/\/www.vicpuntzero.cat\/wp-content\/uploads\/2020\/11\/01-El-Latido-de-las-piedras.mp3\">https:\/\/www.vicpuntzero.cat\/wp-content\/uploads\/2020\/11\/01-El-Latido-de-las-piedras.mp3<\/a><\/audio>\n<p><span style=\"font-family: Times, serif;\"><span style=\"font-size: large;\"><span lang=\"ca-ES\">EL LATIDO DE LAS PIEDRAS<\/span><\/span><\/span><\/p>\n<table id=\"table-cloc1\" width=\"623\" cellspacing=\"0\" cellpadding=\"7\">\n<tbody>\n<tr>\n<td id=\"td-cloc1\" valign=\"top\" width=\"607\">\n<p lang=\"ca-ES\" align=\"left\"><span style=\"font-family: Times, serif;\"><span style=\"font-size: large;\">Bienvenidos<\/span><\/span><\/p>\n<p lang=\"ca-ES\" align=\"left\"><span style=\"font-family: Times, serif;\"><span style=\"font-size: large;\">Estamos en el punto cero de Vic, donde comenz\u00f3 la ciudad &#8230;<br \/>Aqu\u00ed la historia quiere manifestarse &#8230;<br \/>Bajo capas y capas acumuladas una sobre la otra a lo largo de los siglos &#8230;<br \/>&#8230; hoy todas las \u00e9pocas quieren resurgir.<\/span><\/span><\/p>\n<\/td>\n<\/tr>\n<tr>\n<td id=\"td-cloc1\" valign=\"top\" width=\"607\">\n<p lang=\"ca-ES\" align=\"left\"><span style=\"font-family: Times, serif;\"><span style=\"font-size: large;\">&#8230; y las podemos descubrir aqu\u00ed, en el punto m\u00e1s alto del centro hist\u00f3rico, donde se alzan entrelazados el uno con el otro, formando un todo en el espacio, el templo romano, el castillo medieval de los Montcada y la iglesia barroca de la Piedad.<br \/>Los hallazgos arqueol\u00f3gicos, que nos rodean, nos permiten ir m\u00e1s all\u00e1 y dibujar c\u00f3mo fue Vic antiguamente.<\/span><\/span><\/p>\n<\/td>\n<\/tr>\n<tr>\n<td id=\"td-cloc1\" valign=\"top\" width=\"607\">\n<p lang=\"ca-ES\" align=\"left\"><span style=\"font-family: Times, serif;\"><span style=\"font-size: large;\">En el primer estrato se nos muestra Auso, la ciudad romana. Los restos insin\u00faan el trazado de diferentes estancias y unos silos donde se conservaban grano u otros excedentes agr\u00edcolas.<br \/>Y nos desvelan una ciudad importante, fundada para ser el centro administrativo de una comunidad que se extend\u00eda por toda la llanura &#8230;<\/span><\/span><\/p>\n<\/td>\n<\/tr>\n<tr>\n<td id=\"td-cloc1\" valign=\"top\" width=\"607\">\n<p lang=\"ca-ES\" align=\"left\"><span style=\"font-family: Times, serif;\"><span style=\"font-size: large;\">Tiempo m\u00e1s tarde, otro conjunto de silos del periodo tardo-antiguo, del siglo V al VII dC, nos permite deducir que la ciudad no declin\u00f3 con la ca\u00edda del imperio romano, sino que creci\u00f3 y fue elegida para ser sede del obispado.<\/span><\/span><\/p>\n<\/td>\n<\/tr>\n<tr>\n<td id=\"td-cloc1\" style=\"background: transparent;\" valign=\"top\" width=\"607\">\n<p lang=\"ca-ES\" align=\"left\"><span style=\"font-family: Times, serif;\"><span style=\"font-size: large;\">El agua deb\u00eda fluir durante siglos por el pozo hallado en el \u00e1ngulo izquierdo.<br \/>Una fuente de agua que era bastante importante para los habitantes ya que, por su situaci\u00f3n, deb\u00eda de ser un punto de abastecimiento esencial.<br \/>Un pozo que qued\u00f3 a ras de la fortificaci\u00f3n, dentro del dominio del castillo de los se\u00f1ores de Montcada. Algunos muros de aquel castillo a\u00fan siguen en pie.<br \/><\/span><\/span><\/p>\n<\/td>\n<\/tr>\n<tr>\n<td id=\"td-cloc1\" style=\"background: transparent;\" valign=\"top\" width=\"607\">\n<p lang=\"ca-ES\" align=\"left\"><span style=\"font-family: Times, serif;\"><span style=\"font-size: large;\">M\u00e1s all\u00e1 de los restos medievales, avanzamos en el tiempo sin movernos de lugar porque, tambi\u00e9n en este punto geogr\u00e1fico, descubrimos el esplendor del barroco en de la iglesia de la Piedad.<\/span><\/span><\/p>\n<\/td>\n<\/tr>\n<tr>\n<td id=\"td-cloc1\" style=\"background: transparent;\" valign=\"top\" width=\"607\">\n<p lang=\"ca-ES\" align=\"left\"><span style=\"font-family: Times, serif;\"><span style=\"font-size: large;\">Aqu\u00ed, en el punto cero de Vic, se nos revelan todas las \u00e9pocas para que las podamos explorar.<\/span><\/span><\/p>\n<p lang=\"ca-ES\" align=\"left\"><span style=\"font-family: Times, serif;\"><span style=\"font-size: large;\">Un recorrido por la historia que ahora acaba de empezar.<\/span><\/span><\/p>\n<\/td>\n<\/tr>\n<\/tbody>\n<\/table>","protected":false},"excerpt":{"rendered":"<p>EL LATIDO DE LAS PIEDRAS Bienvenidos Estamos en el punto cero de Vic, donde comenz\u00f3 la ciudad &#8230;Aqu\u00ed la historia quiere manifestarse &#8230;Bajo capas y capas acumuladas una sobre la otra a lo largo de los siglos &#8230;&#8230; hoy todas las \u00e9pocas quieren resurgir. &#8230; y las podemos descubrir aqu\u00ed, en el punto m\u00e1s alto [&hellip;]<\/p>\n","protected":false},"author":1,"featured_media":0,"parent":0,"menu_order":0,"comment_status":"closed","ping_status":"closed","template":"","meta":{"footnotes":""},"class_list":["post-95","page","type-page","status-publish","hentry"],"yoast_head":"<!-- This site is optimized with the Yoast SEO plugin v23.9 - https:\/\/yoast.com\/wordpress\/plugins\/seo\/ -->\n<title>Capilla Fonda | Vic<\/title>\n<meta name=\"robots\" content=\"index, follow, max-snippet:-1, max-image-preview:large, max-video-preview:-1\" \/>\n<link rel=\"canonical\" href=\"https:\/\/www.vicpuntzero.cat\/es\/contenido-loc1\/\" \/>\n<meta property=\"og:locale\" content=\"es_ES\" \/>\n<meta property=\"og:type\" content=\"article\" \/>\n<meta property=\"og:title\" content=\"Capilla Fonda | Vic\" \/>\n<meta property=\"og:description\" content=\"EL LATIDO DE LAS PIEDRAS Bienvenidos Estamos en el punto cero de Vic, donde comenz\u00f3 la ciudad &#8230;Aqu\u00ed la historia quiere manifestarse &#8230;Bajo capas y capas acumuladas una sobre la otra a lo largo de los siglos &#8230;&#8230; hoy todas las \u00e9pocas quieren resurgir. &#8230; y las podemos descubrir aqu\u00ed, en el punto m\u00e1s alto [&hellip;]\" \/>\n<meta property=\"og:url\" content=\"https:\/\/www.vicpuntzero.cat\/es\/contenido-loc1\/\" \/>\n<meta property=\"og:site_name\" content=\"Vic\" \/>\n<meta property=\"article:modified_time\" content=\"2024-05-08T11:17:14+00:00\" \/>\n<meta name=\"twitter:card\" content=\"summary_large_image\" \/>\n<meta name=\"twitter:label1\" content=\"Tiempo de lectura\" \/>\n\t<meta name=\"twitter:data1\" content=\"2 minutos\" \/>\n<script type=\"application\/ld+json\" class=\"yoast-schema-graph\">{\"@context\":\"https:\/\/schema.org\",\"@graph\":[{\"@type\":\"WebPage\",\"@id\":\"https:\/\/www.vicpuntzero.cat\/es\/contenido-loc1\/\",\"url\":\"https:\/\/www.vicpuntzero.cat\/es\/contenido-loc1\/\",\"name\":\"Capilla Fonda | Vic\",\"isPartOf\":{\"@id\":\"https:\/\/www.vicpuntzero.cat\/#website\"},\"datePublished\":\"2020-11-27T10:18:53+00:00\",\"dateModified\":\"2024-05-08T11:17:14+00:00\",\"breadcrumb\":{\"@id\":\"https:\/\/www.vicpuntzero.cat\/es\/contenido-loc1\/#breadcrumb\"},\"inLanguage\":\"es\",\"potentialAction\":[{\"@type\":\"ReadAction\",\"target\":[\"https:\/\/www.vicpuntzero.cat\/es\/contenido-loc1\/\"]}]},{\"@type\":\"BreadcrumbList\",\"@id\":\"https:\/\/www.vicpuntzero.cat\/es\/contenido-loc1\/#breadcrumb\",\"itemListElement\":[{\"@type\":\"ListItem\",\"position\":1,\"name\":\"Inici\",\"item\":\"https:\/\/www.vicpuntzero.cat\/\"},{\"@type\":\"ListItem\",\"position\":2,\"name\":\"Capilla Fonda\"}]},{\"@type\":\"WebSite\",\"@id\":\"https:\/\/www.vicpuntzero.cat\/#website\",\"url\":\"https:\/\/www.vicpuntzero.cat\/\",\"name\":\"Vic\",\"description\":\"L&#039;origen d&#039;una hist\u00f2ria\",\"publisher\":{\"@id\":\"https:\/\/www.vicpuntzero.cat\/#organization\"},\"potentialAction\":[{\"@type\":\"SearchAction\",\"target\":{\"@type\":\"EntryPoint\",\"urlTemplate\":\"https:\/\/www.vicpuntzero.cat\/?s={search_term_string}\"},\"query-input\":{\"@type\":\"PropertyValueSpecification\",\"valueRequired\":true,\"valueName\":\"search_term_string\"}}],\"inLanguage\":\"es\"},{\"@type\":\"Organization\",\"@id\":\"https:\/\/www.vicpuntzero.cat\/#organization\",\"name\":\"Vicpuntzero\",\"url\":\"https:\/\/www.vicpuntzero.cat\/\",\"logo\":{\"@type\":\"ImageObject\",\"inLanguage\":\"es\",\"@id\":\"https:\/\/www.vicpuntzero.cat\/#\/schema\/logo\/image\/\",\"url\":\"https:\/\/www.vicpuntzero.cat\/wp-content\/uploads\/2020\/12\/cropped-COLOR_POSITIU_HORITZONTAL.png\",\"contentUrl\":\"https:\/\/www.vicpuntzero.cat\/wp-content\/uploads\/2020\/12\/cropped-COLOR_POSITIU_HORITZONTAL.png\",\"width\":1920,\"height\":640,\"caption\":\"Vicpuntzero\"},\"image\":{\"@id\":\"https:\/\/www.vicpuntzero.cat\/#\/schema\/logo\/image\/\"}}]}<\/script>\n<!-- \/ Yoast SEO plugin. -->","yoast_head_json":{"title":"Capilla Fonda | Vic","robots":{"index":"index","follow":"follow","max-snippet":"max-snippet:-1","max-image-preview":"max-image-preview:large","max-video-preview":"max-video-preview:-1"},"canonical":"https:\/\/www.vicpuntzero.cat\/es\/contenido-loc1\/","og_locale":"es_ES","og_type":"article","og_title":"Capilla Fonda | Vic","og_description":"EL LATIDO DE LAS PIEDRAS Bienvenidos Estamos en el punto cero de Vic, donde comenz\u00f3 la ciudad &#8230;Aqu\u00ed la historia quiere manifestarse &#8230;Bajo capas y capas acumuladas una sobre la otra a lo largo de los siglos &#8230;&#8230; hoy todas las \u00e9pocas quieren resurgir. &#8230; y las podemos descubrir aqu\u00ed, en el punto m\u00e1s alto [&hellip;]","og_url":"https:\/\/www.vicpuntzero.cat\/es\/contenido-loc1\/","og_site_name":"Vic","article_modified_time":"2024-05-08T11:17:14+00:00","twitter_card":"summary_large_image","twitter_misc":{"Tiempo de lectura":"2 minutos"},"schema":{"@context":"https:\/\/schema.org","@graph":[{"@type":"WebPage","@id":"https:\/\/www.vicpuntzero.cat\/es\/contenido-loc1\/","url":"https:\/\/www.vicpuntzero.cat\/es\/contenido-loc1\/","name":"Capilla Fonda | Vic","isPartOf":{"@id":"https:\/\/www.vicpuntzero.cat\/#website"},"datePublished":"2020-11-27T10:18:53+00:00","dateModified":"2024-05-08T11:17:14+00:00","breadcrumb":{"@id":"https:\/\/www.vicpuntzero.cat\/es\/contenido-loc1\/#breadcrumb"},"inLanguage":"es","potentialAction":[{"@type":"ReadAction","target":["https:\/\/www.vicpuntzero.cat\/es\/contenido-loc1\/"]}]},{"@type":"BreadcrumbList","@id":"https:\/\/www.vicpuntzero.cat\/es\/contenido-loc1\/#breadcrumb","itemListElement":[{"@type":"ListItem","position":1,"name":"Inici","item":"https:\/\/www.vicpuntzero.cat\/"},{"@type":"ListItem","position":2,"name":"Capilla Fonda"}]},{"@type":"WebSite","@id":"https:\/\/www.vicpuntzero.cat\/#website","url":"https:\/\/www.vicpuntzero.cat\/","name":"Vic","description":"L&#039;origen d&#039;una hist\u00f2ria","publisher":{"@id":"https:\/\/www.vicpuntzero.cat\/#organization"},"potentialAction":[{"@type":"SearchAction","target":{"@type":"EntryPoint","urlTemplate":"https:\/\/www.vicpuntzero.cat\/?s={search_term_string}"},"query-input":{"@type":"PropertyValueSpecification","valueRequired":true,"valueName":"search_term_string"}}],"inLanguage":"es"},{"@type":"Organization","@id":"https:\/\/www.vicpuntzero.cat\/#organization","name":"Vicpuntzero","url":"https:\/\/www.vicpuntzero.cat\/","logo":{"@type":"ImageObject","inLanguage":"es","@id":"https:\/\/www.vicpuntzero.cat\/#\/schema\/logo\/image\/","url":"https:\/\/www.vicpuntzero.cat\/wp-content\/uploads\/2020\/12\/cropped-COLOR_POSITIU_HORITZONTAL.png","contentUrl":"https:\/\/www.vicpuntzero.cat\/wp-content\/uploads\/2020\/12\/cropped-COLOR_POSITIU_HORITZONTAL.png","width":1920,"height":640,"caption":"Vicpuntzero"},"image":{"@id":"https:\/\/www.vicpuntzero.cat\/#\/schema\/logo\/image\/"}}]}},"_links":{"self":[{"href":"https:\/\/www.vicpuntzero.cat\/es\/wp-json\/wp\/v2\/pages\/95","targetHints":{"allow":["GET"]}}],"collection":[{"href":"https:\/\/www.vicpuntzero.cat\/es\/wp-json\/wp\/v2\/pages"}],"about":[{"href":"https:\/\/www.vicpuntzero.cat\/es\/wp-json\/wp\/v2\/types\/page"}],"author":[{"embeddable":true,"href":"https:\/\/www.vicpuntzero.cat\/es\/wp-json\/wp\/v2\/users\/1"}],"replies":[{"embeddable":true,"href":"https:\/\/www.vicpuntzero.cat\/es\/wp-json\/wp\/v2\/comments?post=95"}],"version-history":[{"count":45,"href":"https:\/\/www.vicpuntzero.cat\/es\/wp-json\/wp\/v2\/pages\/95\/revisions"}],"predecessor-version":[{"id":18980,"href":"https:\/\/www.vicpuntzero.cat\/es\/wp-json\/wp\/v2\/pages\/95\/revisions\/18980"}],"wp:attachment":[{"href":"https:\/\/www.vicpuntzero.cat\/es\/wp-json\/wp\/v2\/media?parent=95"}],"curies":[{"name":"wp","href":"https:\/\/api.w.org\/{rel}","templated":true}]}}

<div class="wp-block-buttons is-layout-flex wp-block-buttons-is-layout-flex"><div class="wp-block-button backButton"><a class="wp-block-button__link has-background wp-element-button" href="/es/mapa" style="background-color:#af1585" rel="/mapa">Volver atrás</a></div></div><div style="height:39px" aria-hidden="true" class="wp-block-spacer"></div><!--[if lt IE 9]><script>document.createElement('audio');</script><![endif]-->
<audio class="wp-audio-shortcode" id="audio-95-1" preload="none" style="width: 100%;" controls="controls"><source type="audio/mpeg" src="https://www.vicpuntzero.cat/wp-content/uploads/2020/11/01-El-Latido-de-las-piedras.mp3?_=1" /><a href="https://www.vicpuntzero.cat/wp-content/uploads/2020/11/01-El-Latido-de-las-piedras.mp3">https://www.vicpuntzero.cat/wp-content/uploads/2020/11/01-El-Latido-de-las-piedras.mp3</a></audio>
<p><span style="font-family: Times, serif;"><span style="font-size: large;"><span lang="ca-ES">EL LATIDO DE LAS PIEDRAS</span></span></span></p>
<table id="table-cloc1" width="623" cellspacing="0" cellpadding="7">
<tbody>
<tr>
<td id="td-cloc1" valign="top" width="607">
<p lang="ca-ES" align="left"><span style="font-family: Times, serif;"><span style="font-size: large;">Bienvenidos</span></span></p>
<p lang="ca-ES" align="left"><span style="font-family: Times, serif;"><span style="font-size: large;">Estamos en el punto cero de Vic, donde comenzó la ciudad &#8230;<br />Aquí la historia quiere manifestarse &#8230;<br />Bajo capas y capas acumuladas una sobre la otra a lo largo de los siglos &#8230;<br />&#8230; hoy todas las épocas quieren resurgir.</span></span></p>
</td>
</tr>
<tr>
<td id="td-cloc1" valign="top" width="607">
<p lang="ca-ES" align="left"><span style="font-family: Times, serif;"><span style="font-size: large;">&#8230; y las podemos descubrir aquí, en el punto más alto del centro histórico, donde se alzan entrelazados el uno con el otro, formando un todo en el espacio, el templo romano, el castillo medieval de los Montcada y la iglesia barroca de la Piedad.<br />Los hallazgos arqueológicos, que nos rodean, nos permiten ir más allá y dibujar cómo fue Vic antiguamente.</span></span></p>
</td>
</tr>
<tr>
<td id="td-cloc1" valign="top" width="607">
<p lang="ca-ES" align="left"><span style="font-family: Times, serif;"><span style="font-size: large;">En el primer estrato se nos muestra Auso, la ciudad romana. Los restos insinúan el trazado de diferentes estancias y unos silos donde se conservaban grano u otros excedentes agrícolas.<br />Y nos desvelan una ciudad importante, fundada para ser el centro administrativo de una comunidad que se extendía por toda la llanura &#8230;</span></span></p>
</td>
</tr>
<tr>
<td id="td-cloc1" valign="top" width="607">
<p lang="ca-ES" align="left"><span style="font-family: Times, serif;"><span style="font-size: large;">Tiempo más tarde, otro conjunto de silos del periodo tardo-antiguo, del siglo V al VII dC, nos permite deducir que la ciudad no declinó con la caída del imperio romano, sino que creció y fue elegida para ser sede del obispado.</span></span></p>
</td>
</tr>
<tr>
<td id="td-cloc1" style="background: transparent;" valign="top" width="607">
<p lang="ca-ES" align="left"><span style="font-family: Times, serif;"><span style="font-size: large;">El agua debía fluir durante siglos por el pozo hallado en el ángulo izquierdo.<br />Una fuente de agua que era bastante importante para los habitantes ya que, por su situación, debía de ser un punto de abastecimiento esencial.<br />Un pozo que quedó a ras de la fortificación, dentro del dominio del castillo de los señores de Montcada. Algunos muros de aquel castillo aún siguen en pie.<br /></span></span></p>
</td>
</tr>
<tr>
<td id="td-cloc1" style="background: transparent;" valign="top" width="607">
<p lang="ca-ES" align="left"><span style="font-family: Times, serif;"><span style="font-size: large;">Más allá de los restos medievales, avanzamos en el tiempo sin movernos de lugar porque, también en este punto geográfico, descubrimos el esplendor del barroco en de la iglesia de la Piedad.</span></span></p>
</td>
</tr>
<tr>
<td id="td-cloc1" style="background: transparent;" valign="top" width="607">
<p lang="ca-ES" align="left"><span style="font-family: Times, serif;"><span style="font-size: large;">Aquí, en el punto cero de Vic, se nos revelan todas las épocas para que las podamos explorar.</span></span></p>
<p lang="ca-ES" align="left"><span style="font-family: Times, serif;"><span style="font-size: large;">Un recorrido por la historia que ahora acaba de empezar.</span></span></p>
</td>
</tr>
</tbody>
</table>

<p>EL LATIDO DE LAS PIEDRAS Bienvenidos Estamos en el punto cero de Vic, donde comenzó la ciudad &#8230;Aquí la historia quiere manifestarse &#8230;Bajo capas y capas acumuladas una sobre la otra a lo largo de los siglos &#8230;&#8230; hoy todas las épocas quieren resurgir. &#8230; y las podemos descubrir aquí, en el punto más alto [&hellip;]</p>

<!-- This site is optimized with the Yoast SEO plugin v23.9 - https://yoast.com/wordpress/plugins/seo/ -->
<title>Capilla Fonda | Vic</title>
<meta name="robots" content="index, follow, max-snippet:-1, max-image-preview:large, max-video-preview:-1" />
<link rel="canonical" href="https://www.vicpuntzero.cat/es/contenido-loc1/" />
<meta property="og:locale" content="es_ES" />
<meta property="og:type" content="article" />
<meta property="og:title" content="Capilla Fonda | Vic" />
<meta property="og:description" content="EL LATIDO DE LAS PIEDRAS Bienvenidos Estamos en el punto cero de Vic, donde comenzó la ciudad &#8230;Aquí la historia quiere manifestarse &#8230;Bajo capas y capas acumuladas una sobre la otra a lo largo de los siglos &#8230;&#8230; hoy todas las épocas quieren resurgir. &#8230; y las podemos descubrir aquí, en el punto más alto [&hellip;]" />
<meta property="og:url" content="https://www.vicpuntzero.cat/es/contenido-loc1/" />
<meta property="og:site_name" content="Vic" />
<meta property="article:modified_time" content="2024-05-08T11:17:14+00:00" />
<meta name="twitter:card" content="summary_large_image" />
<meta name="twitter:label1" content="Tiempo de lectura" />
	<meta name="twitter:data1" content="2 minutos" />
<script type="application/ld+json" class="yoast-schema-graph">{"@context":"https://schema.org","@graph":[{"@type":"WebPage","@id":"https://www.vicpuntzero.cat/es/contenido-loc1/","url":"https://www.vicpuntzero.cat/es/contenido-loc1/","name":"Capilla Fonda | Vic","isPartOf":{"@id":"https://www.vicpuntzero.cat/#website"},"datePublished":"2020-11-27T10:18:53+00:00","dateModified":"2024-05-08T11:17:14+00:00","breadcrumb":{"@id":"https://www.vicpuntzero.cat/es/contenido-loc1/#breadcrumb"},"inLanguage":"es","potentialAction":[{"@type":"ReadAction","target":["https://www.vicpuntzero.cat/es/contenido-loc1/"]}]},{"@type":"BreadcrumbList","@id":"https://www.vicpuntzero.cat/es/contenido-loc1/#breadcrumb","itemListElement":[{"@type":"ListItem","position":1,"name":"Inici","item":"https://www.vicpuntzero.cat/"},{"@type":"ListItem","position":2,"name":"Capilla Fonda"}]},{"@type":"WebSite","@id":"https://www.vicpuntzero.cat/#website","url":"https://www.vicpuntzero.cat/","name":"Vic","description":"L&#039;origen d&#039;una història","publisher":{"@id":"https://www.vicpuntzero.cat/#organization"},"potentialAction":[{"@type":"SearchAction","target":{"@type":"EntryPoint","urlTemplate":"https://www.vicpuntzero.cat/?s={search_term_string}"},"query-input":{"@type":"PropertyValueSpecification","valueRequired":true,"valueName":"search_term_string"}}],"inLanguage":"es"},{"@type":"Organization","@id":"https://www.vicpuntzero.cat/#organization","name":"Vicpuntzero","url":"https://www.vicpuntzero.cat/","logo":{"@type":"ImageObject","inLanguage":"es","@id":"https://www.vicpuntzero.cat/#/schema/logo/image/","url":"https://www.vicpuntzero.cat/wp-content/uploads/2020/12/cropped-COLOR_POSITIU_HORITZONTAL.png","contentUrl":"https://www.vicpuntzero.cat/wp-content/uploads/2020/12/cropped-COLOR_POSITIU_HORITZONTAL.png","width":1920,"height":640,"caption":"Vicpuntzero"},"image":{"@id":"https://www.vicpuntzero.cat/#/schema/logo/image/"}}]}</script>
<!-- / Yoast SEO plugin. -->

EL LATIDO DE LAS PIEDRAS Bienvenidos Estamos en el punto cero de Vic, donde comenzó la ciudad &#8230;Aquí la historia quiere manifestarse &#8230;Bajo capas y capas acumuladas una sobre la otra a lo largo de los siglos &#8230;&#8230; hoy todas las épocas quieren resurgir. &#8230; y las podemos descubrir aquí, en el punto más alto [&hellip;]

L&#039;origen d&#039;una història
