{"id":233,"date":"2020-11-27T12:00:11","date_gmt":"2020-11-27T12:00:11","guid":{"rendered":"https:\/\/www.vicpuntzero.cat\/?page_id=233"},"modified":"2021-03-19T11:47:32","modified_gmt":"2021-03-19T09:47:32","slug":"contenido-loc4","status":"publish","type":"page","link":"https:\/\/www.vicpuntzero.cat\/es\/contenido-loc4\/","title":{"rendered":"Campanario"},"content":{"rendered":"<div class=\"wp-block-buttons is-layout-flex wp-block-buttons-is-layout-flex\"><div class=\"wp-block-button backButton\"><a class=\"wp-block-button__link has-background no-border-radius\" href=\"\/es\/mapa\" style=\"background-color:#af1585\" rel=\"\/mapa\">Volver atr\u00e1s<\/a><\/div><\/div><div style=\"height:39px\" aria-hidden=\"true\" class=\"wp-block-spacer\"><\/div><!--[if lt IE 9]><script>document.createElement('audio');<\/script><![endif]-->\n<audio class=\"wp-audio-shortcode\" id=\"audio-233-1\" preload=\"none\" style=\"width: 100%;\" controls=\"controls\"><source type=\"audio\/mpeg\" src=\"https:\/\/www.vicpuntzero.cat\/wp-content\/uploads\/2020\/11\/04-Campanario.mp3?_=1\" \/><a href=\"https:\/\/www.vicpuntzero.cat\/wp-content\/uploads\/2020\/11\/04-Campanario.mp3\">https:\/\/www.vicpuntzero.cat\/wp-content\/uploads\/2020\/11\/04-Campanario.mp3<\/a><\/audio>\n<table width=\"623\" cellspacing=\"0\" cellpadding=\"7\">\n<tbody>\n<tr>\n<td id=\"td-cloc4\" valign=\"top\" width=\"607\">\n<p lang=\"ca-ES\" align=\"left\"><span style=\"font-family: Times, serif;\"><span style=\"font-size: large;\">Haced un receso y contemplad: os hall\u00e1is en el punto m\u00e1s alto del centro hist\u00f3rico de Vic.<\/span><\/span><\/p>\n<p lang=\"ca-ES\" align=\"left\"><span style=\"font-family: Times, serif;\"><span style=\"font-size: large;\">El campanario de la Iglesia de la Piedad, de estilo barroco, se inaugur\u00f3 en 1695. La c\u00fapula original fue destruida durante la segunda guerra carlista en el siglo XIX, y despu\u00e9s de diferentes reestructuraciones, se restableci\u00f3 en 2009 junto con las obras de consolidaci\u00f3n y revalorizaci\u00f3n del monumento.<\/span><\/span><\/p>\n<p lang=\"ca-ES\" align=\"left\"><span style=\"font-family: Times, serif;\"><span style=\"font-size: large;\">El campanario de la Piedad es una gran atalaya de observaci\u00f3n de la ciudad y de la comarca.<\/span><\/span><\/p>\n<p lang=\"ca-ES\" align=\"left\"><span style=\"font-family: Times, serif;\"><span style=\"font-size: large;\">En primer t\u00e9rmino, se ven la catedral, las azoteas de las casas e iglesias del centro hist\u00f3rico. En segundo t\u00e9rmino, al norte, el ensanche Morat\u00f3, primer barrio proyectado extramuros. En el resto de aberturas tambi\u00e9n vemos todo el trazado urbano de una ciudad que se pierde en la Plana. Un paisaje con sus pueblos y, al fondo, espacios naturales para disfrutarlos: el Montseny, las Sierras de Bellmunt, las Guilleries &#8230; y en d\u00edas claros, el Pirineo.<\/span><\/span><\/p>\n<\/td>\n<\/tr>\n<\/tbody>\n<\/table>","protected":false},"excerpt":{"rendered":"<p>Haced un receso y contemplad: os hall\u00e1is en el punto m\u00e1s alto del centro hist\u00f3rico de Vic. El campanario de la Iglesia de la Piedad, de estilo barroco, se inaugur\u00f3 en 1695. La c\u00fapula original fue destruida durante la segunda guerra carlista en el siglo XIX, y despu\u00e9s de diferentes reestructuraciones, se restableci\u00f3 en 2009 [&hellip;]<\/p>\n","protected":false},"author":1,"featured_media":0,"parent":0,"menu_order":0,"comment_status":"closed","ping_status":"closed","template":"","meta":{"footnotes":""},"class_list":["post-233","page","type-page","status-publish","hentry"],"yoast_head":"<!-- This site is optimized with the Yoast SEO plugin v23.9 - https:\/\/yoast.com\/wordpress\/plugins\/seo\/ -->\n<title>Campanario | Vic<\/title>\n<meta name=\"robots\" content=\"index, follow, max-snippet:-1, max-image-preview:large, max-video-preview:-1\" \/>\n<link rel=\"canonical\" href=\"https:\/\/www.vicpuntzero.cat\/es\/contenido-loc4\/\" \/>\n<meta property=\"og:locale\" content=\"es_ES\" \/>\n<meta property=\"og:type\" content=\"article\" \/>\n<meta property=\"og:title\" content=\"Campanario | Vic\" \/>\n<meta property=\"og:description\" content=\"Haced un receso y contemplad: os hall\u00e1is en el punto m\u00e1s alto del centro hist\u00f3rico de Vic. El campanario de la Iglesia de la Piedad, de estilo barroco, se inaugur\u00f3 en 1695. La c\u00fapula original fue destruida durante la segunda guerra carlista en el siglo XIX, y despu\u00e9s de diferentes reestructuraciones, se restableci\u00f3 en 2009 [&hellip;]\" \/>\n<meta property=\"og:url\" content=\"https:\/\/www.vicpuntzero.cat\/es\/contenido-loc4\/\" \/>\n<meta property=\"og:site_name\" content=\"Vic\" \/>\n<meta property=\"article:modified_time\" content=\"2021-03-19T09:47:32+00:00\" \/>\n<meta name=\"twitter:card\" content=\"summary_large_image\" \/>\n<meta name=\"twitter:label1\" content=\"Tiempo de lectura\" \/>\n\t<meta name=\"twitter:data1\" content=\"1 minuto\" \/>\n<script type=\"application\/ld+json\" class=\"yoast-schema-graph\">{\"@context\":\"https:\/\/schema.org\",\"@graph\":[{\"@type\":\"WebPage\",\"@id\":\"https:\/\/www.vicpuntzero.cat\/es\/contenido-loc4\/\",\"url\":\"https:\/\/www.vicpuntzero.cat\/es\/contenido-loc4\/\",\"name\":\"Campanario | Vic\",\"isPartOf\":{\"@id\":\"https:\/\/www.vicpuntzero.cat\/#website\"},\"datePublished\":\"2020-11-27T12:00:11+00:00\",\"dateModified\":\"2021-03-19T09:47:32+00:00\",\"breadcrumb\":{\"@id\":\"https:\/\/www.vicpuntzero.cat\/es\/contenido-loc4\/#breadcrumb\"},\"inLanguage\":\"es\",\"potentialAction\":[{\"@type\":\"ReadAction\",\"target\":[\"https:\/\/www.vicpuntzero.cat\/es\/contenido-loc4\/\"]}]},{\"@type\":\"BreadcrumbList\",\"@id\":\"https:\/\/www.vicpuntzero.cat\/es\/contenido-loc4\/#breadcrumb\",\"itemListElement\":[{\"@type\":\"ListItem\",\"position\":1,\"name\":\"Inici\",\"item\":\"https:\/\/www.vicpuntzero.cat\/\"},{\"@type\":\"ListItem\",\"position\":2,\"name\":\"Campanario\"}]},{\"@type\":\"WebSite\",\"@id\":\"https:\/\/www.vicpuntzero.cat\/#website\",\"url\":\"https:\/\/www.vicpuntzero.cat\/\",\"name\":\"Vic\",\"description\":\"L&#039;origen d&#039;una hist\u00f2ria\",\"publisher\":{\"@id\":\"https:\/\/www.vicpuntzero.cat\/#organization\"},\"potentialAction\":[{\"@type\":\"SearchAction\",\"target\":{\"@type\":\"EntryPoint\",\"urlTemplate\":\"https:\/\/www.vicpuntzero.cat\/?s={search_term_string}\"},\"query-input\":{\"@type\":\"PropertyValueSpecification\",\"valueRequired\":true,\"valueName\":\"search_term_string\"}}],\"inLanguage\":\"es\"},{\"@type\":\"Organization\",\"@id\":\"https:\/\/www.vicpuntzero.cat\/#organization\",\"name\":\"Vicpuntzero\",\"url\":\"https:\/\/www.vicpuntzero.cat\/\",\"logo\":{\"@type\":\"ImageObject\",\"inLanguage\":\"es\",\"@id\":\"https:\/\/www.vicpuntzero.cat\/#\/schema\/logo\/image\/\",\"url\":\"https:\/\/www.vicpuntzero.cat\/wp-content\/uploads\/2020\/12\/cropped-COLOR_POSITIU_HORITZONTAL.png\",\"contentUrl\":\"https:\/\/www.vicpuntzero.cat\/wp-content\/uploads\/2020\/12\/cropped-COLOR_POSITIU_HORITZONTAL.png\",\"width\":1920,\"height\":640,\"caption\":\"Vicpuntzero\"},\"image\":{\"@id\":\"https:\/\/www.vicpuntzero.cat\/#\/schema\/logo\/image\/\"}}]}<\/script>\n<!-- \/ Yoast SEO plugin. -->","yoast_head_json":{"title":"Campanario | Vic","robots":{"index":"index","follow":"follow","max-snippet":"max-snippet:-1","max-image-preview":"max-image-preview:large","max-video-preview":"max-video-preview:-1"},"canonical":"https:\/\/www.vicpuntzero.cat\/es\/contenido-loc4\/","og_locale":"es_ES","og_type":"article","og_title":"Campanario | Vic","og_description":"Haced un receso y contemplad: os hall\u00e1is en el punto m\u00e1s alto del centro hist\u00f3rico de Vic. El campanario de la Iglesia de la Piedad, de estilo barroco, se inaugur\u00f3 en 1695. La c\u00fapula original fue destruida durante la segunda guerra carlista en el siglo XIX, y despu\u00e9s de diferentes reestructuraciones, se restableci\u00f3 en 2009 [&hellip;]","og_url":"https:\/\/www.vicpuntzero.cat\/es\/contenido-loc4\/","og_site_name":"Vic","article_modified_time":"2021-03-19T09:47:32+00:00","twitter_card":"summary_large_image","twitter_misc":{"Tiempo de lectura":"1 minuto"},"schema":{"@context":"https:\/\/schema.org","@graph":[{"@type":"WebPage","@id":"https:\/\/www.vicpuntzero.cat\/es\/contenido-loc4\/","url":"https:\/\/www.vicpuntzero.cat\/es\/contenido-loc4\/","name":"Campanario | Vic","isPartOf":{"@id":"https:\/\/www.vicpuntzero.cat\/#website"},"datePublished":"2020-11-27T12:00:11+00:00","dateModified":"2021-03-19T09:47:32+00:00","breadcrumb":{"@id":"https:\/\/www.vicpuntzero.cat\/es\/contenido-loc4\/#breadcrumb"},"inLanguage":"es","potentialAction":[{"@type":"ReadAction","target":["https:\/\/www.vicpuntzero.cat\/es\/contenido-loc4\/"]}]},{"@type":"BreadcrumbList","@id":"https:\/\/www.vicpuntzero.cat\/es\/contenido-loc4\/#breadcrumb","itemListElement":[{"@type":"ListItem","position":1,"name":"Inici","item":"https:\/\/www.vicpuntzero.cat\/"},{"@type":"ListItem","position":2,"name":"Campanario"}]},{"@type":"WebSite","@id":"https:\/\/www.vicpuntzero.cat\/#website","url":"https:\/\/www.vicpuntzero.cat\/","name":"Vic","description":"L&#039;origen d&#039;una hist\u00f2ria","publisher":{"@id":"https:\/\/www.vicpuntzero.cat\/#organization"},"potentialAction":[{"@type":"SearchAction","target":{"@type":"EntryPoint","urlTemplate":"https:\/\/www.vicpuntzero.cat\/?s={search_term_string}"},"query-input":{"@type":"PropertyValueSpecification","valueRequired":true,"valueName":"search_term_string"}}],"inLanguage":"es"},{"@type":"Organization","@id":"https:\/\/www.vicpuntzero.cat\/#organization","name":"Vicpuntzero","url":"https:\/\/www.vicpuntzero.cat\/","logo":{"@type":"ImageObject","inLanguage":"es","@id":"https:\/\/www.vicpuntzero.cat\/#\/schema\/logo\/image\/","url":"https:\/\/www.vicpuntzero.cat\/wp-content\/uploads\/2020\/12\/cropped-COLOR_POSITIU_HORITZONTAL.png","contentUrl":"https:\/\/www.vicpuntzero.cat\/wp-content\/uploads\/2020\/12\/cropped-COLOR_POSITIU_HORITZONTAL.png","width":1920,"height":640,"caption":"Vicpuntzero"},"image":{"@id":"https:\/\/www.vicpuntzero.cat\/#\/schema\/logo\/image\/"}}]}},"_links":{"self":[{"href":"https:\/\/www.vicpuntzero.cat\/es\/wp-json\/wp\/v2\/pages\/233","targetHints":{"allow":["GET"]}}],"collection":[{"href":"https:\/\/www.vicpuntzero.cat\/es\/wp-json\/wp\/v2\/pages"}],"about":[{"href":"https:\/\/www.vicpuntzero.cat\/es\/wp-json\/wp\/v2\/types\/page"}],"author":[{"embeddable":true,"href":"https:\/\/www.vicpuntzero.cat\/es\/wp-json\/wp\/v2\/users\/1"}],"replies":[{"embeddable":true,"href":"https:\/\/www.vicpuntzero.cat\/es\/wp-json\/wp\/v2\/comments?post=233"}],"version-history":[{"count":13,"href":"https:\/\/www.vicpuntzero.cat\/es\/wp-json\/wp\/v2\/pages\/233\/revisions"}],"predecessor-version":[{"id":4028,"href":"https:\/\/www.vicpuntzero.cat\/es\/wp-json\/wp\/v2\/pages\/233\/revisions\/4028"}],"wp:attachment":[{"href":"https:\/\/www.vicpuntzero.cat\/es\/wp-json\/wp\/v2\/media?parent=233"}],"curies":[{"name":"wp","href":"https:\/\/api.w.org\/{rel}","templated":true}]}}

<div class="wp-block-buttons is-layout-flex wp-block-buttons-is-layout-flex"><div class="wp-block-button backButton"><a class="wp-block-button__link has-background no-border-radius" href="/es/mapa" style="background-color:#af1585" rel="/mapa">Volver atrás</a></div></div><div style="height:39px" aria-hidden="true" class="wp-block-spacer"></div><!--[if lt IE 9]><script>document.createElement('audio');</script><![endif]-->
<audio class="wp-audio-shortcode" id="audio-233-1" preload="none" style="width: 100%;" controls="controls"><source type="audio/mpeg" src="https://www.vicpuntzero.cat/wp-content/uploads/2020/11/04-Campanario.mp3?_=1" /><a href="https://www.vicpuntzero.cat/wp-content/uploads/2020/11/04-Campanario.mp3">https://www.vicpuntzero.cat/wp-content/uploads/2020/11/04-Campanario.mp3</a></audio>
<table width="623" cellspacing="0" cellpadding="7">
<tbody>
<tr>
<td id="td-cloc4" valign="top" width="607">
<p lang="ca-ES" align="left"><span style="font-family: Times, serif;"><span style="font-size: large;">Haced un receso y contemplad: os halláis en el punto más alto del centro histórico de Vic.</span></span></p>
<p lang="ca-ES" align="left"><span style="font-family: Times, serif;"><span style="font-size: large;">El campanario de la Iglesia de la Piedad, de estilo barroco, se inauguró en 1695. La cúpula original fue destruida durante la segunda guerra carlista en el siglo XIX, y después de diferentes reestructuraciones, se restableció en 2009 junto con las obras de consolidación y revalorización del monumento.</span></span></p>
<p lang="ca-ES" align="left"><span style="font-family: Times, serif;"><span style="font-size: large;">El campanario de la Piedad es una gran atalaya de observación de la ciudad y de la comarca.</span></span></p>
<p lang="ca-ES" align="left"><span style="font-family: Times, serif;"><span style="font-size: large;">En primer término, se ven la catedral, las azoteas de las casas e iglesias del centro histórico. En segundo término, al norte, el ensanche Morató, primer barrio proyectado extramuros. En el resto de aberturas también vemos todo el trazado urbano de una ciudad que se pierde en la Plana. Un paisaje con sus pueblos y, al fondo, espacios naturales para disfrutarlos: el Montseny, las Sierras de Bellmunt, las Guilleries &#8230; y en días claros, el Pirineo.</span></span></p>
</td>
</tr>
</tbody>
</table>

<p>Haced un receso y contemplad: os halláis en el punto más alto del centro histórico de Vic. El campanario de la Iglesia de la Piedad, de estilo barroco, se inauguró en 1695. La cúpula original fue destruida durante la segunda guerra carlista en el siglo XIX, y después de diferentes reestructuraciones, se restableció en 2009 [&hellip;]</p>

<!-- This site is optimized with the Yoast SEO plugin v23.9 - https://yoast.com/wordpress/plugins/seo/ -->
<title>Campanario | Vic</title>
<meta name="robots" content="index, follow, max-snippet:-1, max-image-preview:large, max-video-preview:-1" />
<link rel="canonical" href="https://www.vicpuntzero.cat/es/contenido-loc4/" />
<meta property="og:locale" content="es_ES" />
<meta property="og:type" content="article" />
<meta property="og:title" content="Campanario | Vic" />
<meta property="og:description" content="Haced un receso y contemplad: os halláis en el punto más alto del centro histórico de Vic. El campanario de la Iglesia de la Piedad, de estilo barroco, se inauguró en 1695. La cúpula original fue destruida durante la segunda guerra carlista en el siglo XIX, y después de diferentes reestructuraciones, se restableció en 2009 [&hellip;]" />
<meta property="og:url" content="https://www.vicpuntzero.cat/es/contenido-loc4/" />
<meta property="og:site_name" content="Vic" />
<meta property="article:modified_time" content="2021-03-19T09:47:32+00:00" />
<meta name="twitter:card" content="summary_large_image" />
<meta name="twitter:label1" content="Tiempo de lectura" />
	<meta name="twitter:data1" content="1 minuto" />
<script type="application/ld+json" class="yoast-schema-graph">{"@context":"https://schema.org","@graph":[{"@type":"WebPage","@id":"https://www.vicpuntzero.cat/es/contenido-loc4/","url":"https://www.vicpuntzero.cat/es/contenido-loc4/","name":"Campanario | Vic","isPartOf":{"@id":"https://www.vicpuntzero.cat/#website"},"datePublished":"2020-11-27T12:00:11+00:00","dateModified":"2021-03-19T09:47:32+00:00","breadcrumb":{"@id":"https://www.vicpuntzero.cat/es/contenido-loc4/#breadcrumb"},"inLanguage":"es","potentialAction":[{"@type":"ReadAction","target":["https://www.vicpuntzero.cat/es/contenido-loc4/"]}]},{"@type":"BreadcrumbList","@id":"https://www.vicpuntzero.cat/es/contenido-loc4/#breadcrumb","itemListElement":[{"@type":"ListItem","position":1,"name":"Inici","item":"https://www.vicpuntzero.cat/"},{"@type":"ListItem","position":2,"name":"Campanario"}]},{"@type":"WebSite","@id":"https://www.vicpuntzero.cat/#website","url":"https://www.vicpuntzero.cat/","name":"Vic","description":"L&#039;origen d&#039;una història","publisher":{"@id":"https://www.vicpuntzero.cat/#organization"},"potentialAction":[{"@type":"SearchAction","target":{"@type":"EntryPoint","urlTemplate":"https://www.vicpuntzero.cat/?s={search_term_string}"},"query-input":{"@type":"PropertyValueSpecification","valueRequired":true,"valueName":"search_term_string"}}],"inLanguage":"es"},{"@type":"Organization","@id":"https://www.vicpuntzero.cat/#organization","name":"Vicpuntzero","url":"https://www.vicpuntzero.cat/","logo":{"@type":"ImageObject","inLanguage":"es","@id":"https://www.vicpuntzero.cat/#/schema/logo/image/","url":"https://www.vicpuntzero.cat/wp-content/uploads/2020/12/cropped-COLOR_POSITIU_HORITZONTAL.png","contentUrl":"https://www.vicpuntzero.cat/wp-content/uploads/2020/12/cropped-COLOR_POSITIU_HORITZONTAL.png","width":1920,"height":640,"caption":"Vicpuntzero"},"image":{"@id":"https://www.vicpuntzero.cat/#/schema/logo/image/"}}]}</script>
<!-- / Yoast SEO plugin. -->

Haced un receso y contemplad: os halláis en el punto más alto del centro histórico de Vic. El campanario de la Iglesia de la Piedad, de estilo barroco, se inauguró en 1695. La cúpula original fue destruida durante la segunda guerra carlista en el siglo XIX, y después de diferentes reestructuraciones, se restableció en 2009 [&hellip;]

L&#039;origen d&#039;una història
