{"id":216,"date":"2020-11-27T11:54:13","date_gmt":"2020-11-27T11:54:13","guid":{"rendered":"https:\/\/www.vicpuntzero.cat\/?page_id=216"},"modified":"2021-03-19T11:45:34","modified_gmt":"2021-03-19T09:45:34","slug":"contenido-loc3","status":"publish","type":"page","link":"https:\/\/www.vicpuntzero.cat\/es\/contenido-loc3\/","title":{"rendered":"Capilla Santos M\u00e1rtires"},"content":{"rendered":"<div class=\"wp-block-buttons is-layout-flex wp-block-buttons-is-layout-flex\"><div class=\"wp-block-button backButton\"><a class=\"wp-block-button__link has-background no-border-radius\" href=\"\/es\/mapa\" style=\"background-color:#af1585\" rel=\"\/mapa\">Volver atr\u00e1s<\/a><\/div><\/div><div style=\"height:39px\" aria-hidden=\"true\" class=\"wp-block-spacer\"><\/div><!--[if lt IE 9]><script>document.createElement('audio');<\/script><![endif]-->\n<audio class=\"wp-audio-shortcode\" id=\"audio-216-1\" preload=\"none\" style=\"width: 100%;\" controls=\"controls\"><source type=\"audio\/mpeg\" src=\"https:\/\/www.vicpuntzero.cat\/wp-content\/uploads\/2020\/11\/03-Capilla-de-los-Santos-Martires.mp3?_=1\" \/><a href=\"https:\/\/www.vicpuntzero.cat\/wp-content\/uploads\/2020\/11\/03-Capilla-de-los-Santos-Martires.mp3\">https:\/\/www.vicpuntzero.cat\/wp-content\/uploads\/2020\/11\/03-Capilla-de-los-Santos-Martires.mp3<\/a><\/audio>\n<table width=\"623\" cellspacing=\"0\" cellpadding=\"7\">\n<tbody>\n<tr>\n<td id=\"td-cloc3\" valign=\"top\" width=\"607\">\n<p lang=\"ca-ES\" align=\"left\"><span style=\"font-family: Times, serif;\"><span style=\"font-size: large;\"><br \/>Esta capilla est\u00e1 dedicada a los Santos M\u00e1rtires. Y es donde actualmente se realizan las funciones propias del culto. La capilla se construy\u00f3 en el siglo XVIII, tiempo despu\u00e9s de que fuese terminada la iglesia de la Piedad.<\/span><\/span><\/p>\n<p lang=\"ca-ES\" align=\"left\"><span style=\"font-family: Times, serif;\"><span style=\"font-size: large;\">Preside la capilla la escultura de los dos Santos M\u00e1rtires Luciano y Marciano. Todas las pinturas que la decoran son del artista de Vic Mari\u00e0 Colomer. Las pint\u00f3 en el siglo XVIII y versan sobre el patrocinio de los santos sobre la ciudad de Vic.<\/span><\/span><\/p>\n<p lang=\"ca-ES\" align=\"left\"><span style=\"font-family: Times, serif;\"><span style=\"font-size: large;\">La devoci\u00f3n por los Santos M\u00e1rtires en Vic viene de una leyenda seg\u00fan la cual, durante la Edad Media, se encontraron parte de sus reliquias en la antigua iglesia rom\u00e1nica de Sant Sadurn\u00ed.<\/span><\/span><\/p>\n<p lang=\"ca-ES\" align=\"left\"><span style=\"font-family: Times, serif;\"><span style=\"font-size: large;\">El culto a los Santos perdur\u00f3 hasta el punto de que se cre\u00f3 la tradici\u00f3n propia de que hab\u00edan nacido en Vic y fueron elegidos patrones de la ciudad. Fueron patrones desde 1551 hasta 1862, a\u00f1o en que fueron sustituidos por el actual patr\u00f3n de la ciudad, San Miguel de los Santos.<\/span><\/span><\/p>\n<\/td>\n<\/tr>\n<\/tbody>\n<\/table>","protected":false},"excerpt":{"rendered":"<p>Esta capilla est\u00e1 dedicada a los Santos M\u00e1rtires. Y es donde actualmente se realizan las funciones propias del culto. La capilla se construy\u00f3 en el siglo XVIII, tiempo despu\u00e9s de que fuese terminada la iglesia de la Piedad. Preside la capilla la escultura de los dos Santos M\u00e1rtires Luciano y Marciano. Todas las pinturas que [&hellip;]<\/p>\n","protected":false},"author":1,"featured_media":0,"parent":0,"menu_order":0,"comment_status":"closed","ping_status":"closed","template":"","meta":{"footnotes":""},"class_list":["post-216","page","type-page","status-publish","hentry"],"yoast_head":"<!-- This site is optimized with the Yoast SEO plugin v23.9 - https:\/\/yoast.com\/wordpress\/plugins\/seo\/ -->\n<title>Capilla Santos M\u00e1rtires | Vic<\/title>\n<meta name=\"robots\" content=\"index, follow, max-snippet:-1, max-image-preview:large, max-video-preview:-1\" \/>\n<link rel=\"canonical\" href=\"https:\/\/www.vicpuntzero.cat\/es\/contenido-loc3\/\" \/>\n<meta property=\"og:locale\" content=\"es_ES\" \/>\n<meta property=\"og:type\" content=\"article\" \/>\n<meta property=\"og:title\" content=\"Capilla Santos M\u00e1rtires | Vic\" \/>\n<meta property=\"og:description\" content=\"Esta capilla est\u00e1 dedicada a los Santos M\u00e1rtires. Y es donde actualmente se realizan las funciones propias del culto. La capilla se construy\u00f3 en el siglo XVIII, tiempo despu\u00e9s de que fuese terminada la iglesia de la Piedad. Preside la capilla la escultura de los dos Santos M\u00e1rtires Luciano y Marciano. Todas las pinturas que [&hellip;]\" \/>\n<meta property=\"og:url\" content=\"https:\/\/www.vicpuntzero.cat\/es\/contenido-loc3\/\" \/>\n<meta property=\"og:site_name\" content=\"Vic\" \/>\n<meta property=\"article:modified_time\" content=\"2021-03-19T09:45:34+00:00\" \/>\n<meta name=\"twitter:card\" content=\"summary_large_image\" \/>\n<meta name=\"twitter:label1\" content=\"Tiempo de lectura\" \/>\n\t<meta name=\"twitter:data1\" content=\"1 minuto\" \/>\n<script type=\"application\/ld+json\" class=\"yoast-schema-graph\">{\"@context\":\"https:\/\/schema.org\",\"@graph\":[{\"@type\":\"WebPage\",\"@id\":\"https:\/\/www.vicpuntzero.cat\/es\/contenido-loc3\/\",\"url\":\"https:\/\/www.vicpuntzero.cat\/es\/contenido-loc3\/\",\"name\":\"Capilla Santos M\u00e1rtires | Vic\",\"isPartOf\":{\"@id\":\"https:\/\/www.vicpuntzero.cat\/#website\"},\"datePublished\":\"2020-11-27T11:54:13+00:00\",\"dateModified\":\"2021-03-19T09:45:34+00:00\",\"breadcrumb\":{\"@id\":\"https:\/\/www.vicpuntzero.cat\/es\/contenido-loc3\/#breadcrumb\"},\"inLanguage\":\"es\",\"potentialAction\":[{\"@type\":\"ReadAction\",\"target\":[\"https:\/\/www.vicpuntzero.cat\/es\/contenido-loc3\/\"]}]},{\"@type\":\"BreadcrumbList\",\"@id\":\"https:\/\/www.vicpuntzero.cat\/es\/contenido-loc3\/#breadcrumb\",\"itemListElement\":[{\"@type\":\"ListItem\",\"position\":1,\"name\":\"Inici\",\"item\":\"https:\/\/www.vicpuntzero.cat\/\"},{\"@type\":\"ListItem\",\"position\":2,\"name\":\"Capilla Santos M\u00e1rtires\"}]},{\"@type\":\"WebSite\",\"@id\":\"https:\/\/www.vicpuntzero.cat\/#website\",\"url\":\"https:\/\/www.vicpuntzero.cat\/\",\"name\":\"Vic\",\"description\":\"L&#039;origen d&#039;una hist\u00f2ria\",\"publisher\":{\"@id\":\"https:\/\/www.vicpuntzero.cat\/#organization\"},\"potentialAction\":[{\"@type\":\"SearchAction\",\"target\":{\"@type\":\"EntryPoint\",\"urlTemplate\":\"https:\/\/www.vicpuntzero.cat\/?s={search_term_string}\"},\"query-input\":{\"@type\":\"PropertyValueSpecification\",\"valueRequired\":true,\"valueName\":\"search_term_string\"}}],\"inLanguage\":\"es\"},{\"@type\":\"Organization\",\"@id\":\"https:\/\/www.vicpuntzero.cat\/#organization\",\"name\":\"Vicpuntzero\",\"url\":\"https:\/\/www.vicpuntzero.cat\/\",\"logo\":{\"@type\":\"ImageObject\",\"inLanguage\":\"es\",\"@id\":\"https:\/\/www.vicpuntzero.cat\/#\/schema\/logo\/image\/\",\"url\":\"https:\/\/www.vicpuntzero.cat\/wp-content\/uploads\/2020\/12\/cropped-COLOR_POSITIU_HORITZONTAL.png\",\"contentUrl\":\"https:\/\/www.vicpuntzero.cat\/wp-content\/uploads\/2020\/12\/cropped-COLOR_POSITIU_HORITZONTAL.png\",\"width\":1920,\"height\":640,\"caption\":\"Vicpuntzero\"},\"image\":{\"@id\":\"https:\/\/www.vicpuntzero.cat\/#\/schema\/logo\/image\/\"}}]}<\/script>\n<!-- \/ Yoast SEO plugin. -->","yoast_head_json":{"title":"Capilla Santos M\u00e1rtires | Vic","robots":{"index":"index","follow":"follow","max-snippet":"max-snippet:-1","max-image-preview":"max-image-preview:large","max-video-preview":"max-video-preview:-1"},"canonical":"https:\/\/www.vicpuntzero.cat\/es\/contenido-loc3\/","og_locale":"es_ES","og_type":"article","og_title":"Capilla Santos M\u00e1rtires | Vic","og_description":"Esta capilla est\u00e1 dedicada a los Santos M\u00e1rtires. Y es donde actualmente se realizan las funciones propias del culto. La capilla se construy\u00f3 en el siglo XVIII, tiempo despu\u00e9s de que fuese terminada la iglesia de la Piedad. Preside la capilla la escultura de los dos Santos M\u00e1rtires Luciano y Marciano. Todas las pinturas que [&hellip;]","og_url":"https:\/\/www.vicpuntzero.cat\/es\/contenido-loc3\/","og_site_name":"Vic","article_modified_time":"2021-03-19T09:45:34+00:00","twitter_card":"summary_large_image","twitter_misc":{"Tiempo de lectura":"1 minuto"},"schema":{"@context":"https:\/\/schema.org","@graph":[{"@type":"WebPage","@id":"https:\/\/www.vicpuntzero.cat\/es\/contenido-loc3\/","url":"https:\/\/www.vicpuntzero.cat\/es\/contenido-loc3\/","name":"Capilla Santos M\u00e1rtires | Vic","isPartOf":{"@id":"https:\/\/www.vicpuntzero.cat\/#website"},"datePublished":"2020-11-27T11:54:13+00:00","dateModified":"2021-03-19T09:45:34+00:00","breadcrumb":{"@id":"https:\/\/www.vicpuntzero.cat\/es\/contenido-loc3\/#breadcrumb"},"inLanguage":"es","potentialAction":[{"@type":"ReadAction","target":["https:\/\/www.vicpuntzero.cat\/es\/contenido-loc3\/"]}]},{"@type":"BreadcrumbList","@id":"https:\/\/www.vicpuntzero.cat\/es\/contenido-loc3\/#breadcrumb","itemListElement":[{"@type":"ListItem","position":1,"name":"Inici","item":"https:\/\/www.vicpuntzero.cat\/"},{"@type":"ListItem","position":2,"name":"Capilla Santos M\u00e1rtires"}]},{"@type":"WebSite","@id":"https:\/\/www.vicpuntzero.cat\/#website","url":"https:\/\/www.vicpuntzero.cat\/","name":"Vic","description":"L&#039;origen d&#039;una hist\u00f2ria","publisher":{"@id":"https:\/\/www.vicpuntzero.cat\/#organization"},"potentialAction":[{"@type":"SearchAction","target":{"@type":"EntryPoint","urlTemplate":"https:\/\/www.vicpuntzero.cat\/?s={search_term_string}"},"query-input":{"@type":"PropertyValueSpecification","valueRequired":true,"valueName":"search_term_string"}}],"inLanguage":"es"},{"@type":"Organization","@id":"https:\/\/www.vicpuntzero.cat\/#organization","name":"Vicpuntzero","url":"https:\/\/www.vicpuntzero.cat\/","logo":{"@type":"ImageObject","inLanguage":"es","@id":"https:\/\/www.vicpuntzero.cat\/#\/schema\/logo\/image\/","url":"https:\/\/www.vicpuntzero.cat\/wp-content\/uploads\/2020\/12\/cropped-COLOR_POSITIU_HORITZONTAL.png","contentUrl":"https:\/\/www.vicpuntzero.cat\/wp-content\/uploads\/2020\/12\/cropped-COLOR_POSITIU_HORITZONTAL.png","width":1920,"height":640,"caption":"Vicpuntzero"},"image":{"@id":"https:\/\/www.vicpuntzero.cat\/#\/schema\/logo\/image\/"}}]}},"_links":{"self":[{"href":"https:\/\/www.vicpuntzero.cat\/es\/wp-json\/wp\/v2\/pages\/216","targetHints":{"allow":["GET"]}}],"collection":[{"href":"https:\/\/www.vicpuntzero.cat\/es\/wp-json\/wp\/v2\/pages"}],"about":[{"href":"https:\/\/www.vicpuntzero.cat\/es\/wp-json\/wp\/v2\/types\/page"}],"author":[{"embeddable":true,"href":"https:\/\/www.vicpuntzero.cat\/es\/wp-json\/wp\/v2\/users\/1"}],"replies":[{"embeddable":true,"href":"https:\/\/www.vicpuntzero.cat\/es\/wp-json\/wp\/v2\/comments?post=216"}],"version-history":[{"count":11,"href":"https:\/\/www.vicpuntzero.cat\/es\/wp-json\/wp\/v2\/pages\/216\/revisions"}],"predecessor-version":[{"id":4026,"href":"https:\/\/www.vicpuntzero.cat\/es\/wp-json\/wp\/v2\/pages\/216\/revisions\/4026"}],"wp:attachment":[{"href":"https:\/\/www.vicpuntzero.cat\/es\/wp-json\/wp\/v2\/media?parent=216"}],"curies":[{"name":"wp","href":"https:\/\/api.w.org\/{rel}","templated":true}]}}

Capilla Santos Mártires

<div class="wp-block-buttons is-layout-flex wp-block-buttons-is-layout-flex"><div class="wp-block-button backButton"><a class="wp-block-button__link has-background no-border-radius" href="/es/mapa" style="background-color:#af1585" rel="/mapa">Volver atrás</a></div></div><div style="height:39px" aria-hidden="true" class="wp-block-spacer"></div><!--[if lt IE 9]><script>document.createElement('audio');</script><![endif]-->
<audio class="wp-audio-shortcode" id="audio-216-1" preload="none" style="width: 100%;" controls="controls"><source type="audio/mpeg" src="https://www.vicpuntzero.cat/wp-content/uploads/2020/11/03-Capilla-de-los-Santos-Martires.mp3?_=1" /><a href="https://www.vicpuntzero.cat/wp-content/uploads/2020/11/03-Capilla-de-los-Santos-Martires.mp3">https://www.vicpuntzero.cat/wp-content/uploads/2020/11/03-Capilla-de-los-Santos-Martires.mp3</a></audio>
<table width="623" cellspacing="0" cellpadding="7">
<tbody>
<tr>
<td id="td-cloc3" valign="top" width="607">
<p lang="ca-ES" align="left"><span style="font-family: Times, serif;"><span style="font-size: large;"><br />Esta capilla está dedicada a los Santos Mártires. Y es donde actualmente se realizan las funciones propias del culto. La capilla se construyó en el siglo XVIII, tiempo después de que fuese terminada la iglesia de la Piedad.</span></span></p>
<p lang="ca-ES" align="left"><span style="font-family: Times, serif;"><span style="font-size: large;">Preside la capilla la escultura de los dos Santos Mártires Luciano y Marciano. Todas las pinturas que la decoran son del artista de Vic Marià Colomer. Las pintó en el siglo XVIII y versan sobre el patrocinio de los santos sobre la ciudad de Vic.</span></span></p>
<p lang="ca-ES" align="left"><span style="font-family: Times, serif;"><span style="font-size: large;">La devoción por los Santos Mártires en Vic viene de una leyenda según la cual, durante la Edad Media, se encontraron parte de sus reliquias en la antigua iglesia románica de Sant Sadurní.</span></span></p>
<p lang="ca-ES" align="left"><span style="font-family: Times, serif;"><span style="font-size: large;">El culto a los Santos perduró hasta el punto de que se creó la tradición propia de que habían nacido en Vic y fueron elegidos patrones de la ciudad. Fueron patrones desde 1551 hasta 1862, año en que fueron sustituidos por el actual patrón de la ciudad, San Miguel de los Santos.</span></span></p>
</td>
</tr>
</tbody>
</table>

<p>Esta capilla está dedicada a los Santos Mártires. Y es donde actualmente se realizan las funciones propias del culto. La capilla se construyó en el siglo XVIII, tiempo después de que fuese terminada la iglesia de la Piedad. Preside la capilla la escultura de los dos Santos Mártires Luciano y Marciano. Todas las pinturas que [&hellip;]</p>

<!-- This site is optimized with the Yoast SEO plugin v23.9 - https://yoast.com/wordpress/plugins/seo/ -->
<title>Capilla Santos Mártires | Vic</title>
<meta name="robots" content="index, follow, max-snippet:-1, max-image-preview:large, max-video-preview:-1" />
<link rel="canonical" href="https://www.vicpuntzero.cat/es/contenido-loc3/" />
<meta property="og:locale" content="es_ES" />
<meta property="og:type" content="article" />
<meta property="og:title" content="Capilla Santos Mártires | Vic" />
<meta property="og:description" content="Esta capilla está dedicada a los Santos Mártires. Y es donde actualmente se realizan las funciones propias del culto. La capilla se construyó en el siglo XVIII, tiempo después de que fuese terminada la iglesia de la Piedad. Preside la capilla la escultura de los dos Santos Mártires Luciano y Marciano. Todas las pinturas que [&hellip;]" />
<meta property="og:url" content="https://www.vicpuntzero.cat/es/contenido-loc3/" />
<meta property="og:site_name" content="Vic" />
<meta property="article:modified_time" content="2021-03-19T09:45:34+00:00" />
<meta name="twitter:card" content="summary_large_image" />
<meta name="twitter:label1" content="Tiempo de lectura" />
	<meta name="twitter:data1" content="1 minuto" />
<script type="application/ld+json" class="yoast-schema-graph">{"@context":"https://schema.org","@graph":[{"@type":"WebPage","@id":"https://www.vicpuntzero.cat/es/contenido-loc3/","url":"https://www.vicpuntzero.cat/es/contenido-loc3/","name":"Capilla Santos Mártires | Vic","isPartOf":{"@id":"https://www.vicpuntzero.cat/#website"},"datePublished":"2020-11-27T11:54:13+00:00","dateModified":"2021-03-19T09:45:34+00:00","breadcrumb":{"@id":"https://www.vicpuntzero.cat/es/contenido-loc3/#breadcrumb"},"inLanguage":"es","potentialAction":[{"@type":"ReadAction","target":["https://www.vicpuntzero.cat/es/contenido-loc3/"]}]},{"@type":"BreadcrumbList","@id":"https://www.vicpuntzero.cat/es/contenido-loc3/#breadcrumb","itemListElement":[{"@type":"ListItem","position":1,"name":"Inici","item":"https://www.vicpuntzero.cat/"},{"@type":"ListItem","position":2,"name":"Capilla Santos Mártires"}]},{"@type":"WebSite","@id":"https://www.vicpuntzero.cat/#website","url":"https://www.vicpuntzero.cat/","name":"Vic","description":"L&#039;origen d&#039;una història","publisher":{"@id":"https://www.vicpuntzero.cat/#organization"},"potentialAction":[{"@type":"SearchAction","target":{"@type":"EntryPoint","urlTemplate":"https://www.vicpuntzero.cat/?s={search_term_string}"},"query-input":{"@type":"PropertyValueSpecification","valueRequired":true,"valueName":"search_term_string"}}],"inLanguage":"es"},{"@type":"Organization","@id":"https://www.vicpuntzero.cat/#organization","name":"Vicpuntzero","url":"https://www.vicpuntzero.cat/","logo":{"@type":"ImageObject","inLanguage":"es","@id":"https://www.vicpuntzero.cat/#/schema/logo/image/","url":"https://www.vicpuntzero.cat/wp-content/uploads/2020/12/cropped-COLOR_POSITIU_HORITZONTAL.png","contentUrl":"https://www.vicpuntzero.cat/wp-content/uploads/2020/12/cropped-COLOR_POSITIU_HORITZONTAL.png","width":1920,"height":640,"caption":"Vicpuntzero"},"image":{"@id":"https://www.vicpuntzero.cat/#/schema/logo/image/"}}]}</script>
<!-- / Yoast SEO plugin. -->

Capilla Santos Mártires | Vic

Esta capilla está dedicada a los Santos Mártires. Y es donde actualmente se realizan las funciones propias del culto. La capilla se construyó en el siglo XVIII, tiempo después de que fuese terminada la iglesia de la Piedad. Preside la capilla la escultura de los dos Santos Mártires Luciano y Marciano. Todas las pinturas que [&hellip;]

L&#039;origen d&#039;una història
