{"id":198,"date":"2020-11-27T11:43:42","date_gmt":"2020-11-27T11:43:42","guid":{"rendered":"https:\/\/www.vicpuntzero.cat\/?page_id=198"},"modified":"2021-03-19T11:44:29","modified_gmt":"2021-03-19T09:44:29","slug":"contenido-loc2","status":"publish","type":"page","link":"https:\/\/www.vicpuntzero.cat\/es\/contenido-loc2\/","title":{"rendered":"Nave Central"},"content":{"rendered":"<div class=\"wp-block-buttons is-layout-flex wp-block-buttons-is-layout-flex\"><div class=\"wp-block-button backButton\"><a class=\"wp-block-button__link has-background no-border-radius\" href=\"\/es\/mapa\" style=\"background-color:#af1585\" rel=\"\/mapa\">Volver atr\u00e1s<\/a><\/div><\/div><div style=\"height:39px\" aria-hidden=\"true\" class=\"wp-block-spacer\"><\/div><p>\u00a0<\/p>\n<!--[if lt IE 9]><script>document.createElement('audio');<\/script><![endif]-->\n<audio class=\"wp-audio-shortcode\" id=\"audio-198-1\" preload=\"none\" style=\"width: 100%;\" controls=\"controls\"><source type=\"audio\/mpeg\" src=\"https:\/\/www.vicpuntzero.cat\/wp-content\/uploads\/2020\/11\/02-Nave-Central.mp3?_=1\" \/><a href=\"https:\/\/www.vicpuntzero.cat\/wp-content\/uploads\/2020\/11\/02-Nave-Central.mp3\">https:\/\/www.vicpuntzero.cat\/wp-content\/uploads\/2020\/11\/02-Nave-Central.mp3<\/a><\/audio>\n<table width=\"623\" cellspacing=\"0\" cellpadding=\"7\">\n<tbody>\n<tr>\n<td id=\"td-cloc2\" valign=\"top\" width=\"607\">\n<p lang=\"ca-ES\" align=\"left\"><span style=\"font-family: Times, serif;\"><span style=\"font-size: large;\">Estamos en la nave central de la iglesia barroca de la Piedad. El templo fue muy popular. Nos lo debemos imaginar lleno de gente que lo visitaba por devoci\u00f3n a los Santos M\u00e1rtires Luciano y Marciano, ya que, seg\u00fan la tradici\u00f3n, aqu\u00ed se guardaban sus reliquias.<\/span><\/span><\/p>\n<p lang=\"ca-ES\" align=\"left\"><span style=\"font-family: Times, serif;\"><span style=\"font-size: large;\">La Piedad se empez\u00f3 a construir en la primera mitad del siglo XVII sobre la antigua iglesia rom\u00e1nica de Sant Sadurn\u00ed. Desde el exterior todav\u00eda podemos ver un fragmento de su fachada en un lateral del edificio.<\/span><\/span><\/p>\n<p lang=\"ca-ES\" align=\"left\"><span style=\"font-family: Times, serif;\"><span style=\"font-size: large;\">Las obras duraron muchos a\u00f1os y se financiaron con limosnas y con la ayuda de diversos<br \/>estamentos y gremios de la ciudad.<\/span><\/span><\/p>\n<p lang=\"ca-ES\" align=\"left\"><span style=\"font-family: Times, serif;\"><span style=\"font-size: large;\">Esta es la primera iglesia construida por el linaje de los Morat\u00f3, una familia vicense de hasta cinco generaciones de maestros de obra y escultores. Ellos son los autores de la mayor\u00eda de casas se\u00f1oriales, iglesias y retablos de Vic, y su trabajo, presente tambi\u00e9n en otras poblaciones, incluye algunas obras capitales del Barroco Catal\u00e1n.<\/span><\/span><\/p>\n<p lang=\"ca-ES\" align=\"left\"><span style=\"font-family: Times, serif;\"><span style=\"font-size: large;\">Actualmente esta parte de la iglesia de la Piedad es utilizada como sala de exposiciones y espacio cultural.<\/span><\/span><\/p>\n<\/td>\n<\/tr>\n<\/tbody>\n<\/table>\n<p lang=\"ca-ES\">\u00a0<\/p>","protected":false},"excerpt":{"rendered":"<p>\u00a0 Estamos en la nave central de la iglesia barroca de la Piedad. El templo fue muy popular. Nos lo debemos imaginar lleno de gente que lo visitaba por devoci\u00f3n a los Santos M\u00e1rtires Luciano y Marciano, ya que, seg\u00fan la tradici\u00f3n, aqu\u00ed se guardaban sus reliquias. La Piedad se empez\u00f3 a construir en la [&hellip;]<\/p>\n","protected":false},"author":1,"featured_media":0,"parent":0,"menu_order":0,"comment_status":"closed","ping_status":"closed","template":"","meta":{"footnotes":""},"class_list":["post-198","page","type-page","status-publish","hentry"],"yoast_head":"<!-- This site is optimized with the Yoast SEO plugin v23.9 - https:\/\/yoast.com\/wordpress\/plugins\/seo\/ -->\n<title>Nave Central | Vic<\/title>\n<meta name=\"robots\" content=\"index, follow, max-snippet:-1, max-image-preview:large, max-video-preview:-1\" \/>\n<link rel=\"canonical\" href=\"https:\/\/www.vicpuntzero.cat\/es\/contenido-loc2\/\" \/>\n<meta property=\"og:locale\" content=\"es_ES\" \/>\n<meta property=\"og:type\" content=\"article\" \/>\n<meta property=\"og:title\" content=\"Nave Central | Vic\" \/>\n<meta property=\"og:description\" content=\"\u00a0 Estamos en la nave central de la iglesia barroca de la Piedad. El templo fue muy popular. Nos lo debemos imaginar lleno de gente que lo visitaba por devoci\u00f3n a los Santos M\u00e1rtires Luciano y Marciano, ya que, seg\u00fan la tradici\u00f3n, aqu\u00ed se guardaban sus reliquias. La Piedad se empez\u00f3 a construir en la [&hellip;]\" \/>\n<meta property=\"og:url\" content=\"https:\/\/www.vicpuntzero.cat\/es\/contenido-loc2\/\" \/>\n<meta property=\"og:site_name\" content=\"Vic\" \/>\n<meta property=\"article:modified_time\" content=\"2021-03-19T09:44:29+00:00\" \/>\n<meta name=\"twitter:card\" content=\"summary_large_image\" \/>\n<meta name=\"twitter:label1\" content=\"Tiempo de lectura\" \/>\n\t<meta name=\"twitter:data1\" content=\"1 minuto\" \/>\n<script type=\"application\/ld+json\" class=\"yoast-schema-graph\">{\"@context\":\"https:\/\/schema.org\",\"@graph\":[{\"@type\":\"WebPage\",\"@id\":\"https:\/\/www.vicpuntzero.cat\/es\/contenido-loc2\/\",\"url\":\"https:\/\/www.vicpuntzero.cat\/es\/contenido-loc2\/\",\"name\":\"Nave Central | Vic\",\"isPartOf\":{\"@id\":\"https:\/\/www.vicpuntzero.cat\/#website\"},\"datePublished\":\"2020-11-27T11:43:42+00:00\",\"dateModified\":\"2021-03-19T09:44:29+00:00\",\"breadcrumb\":{\"@id\":\"https:\/\/www.vicpuntzero.cat\/es\/contenido-loc2\/#breadcrumb\"},\"inLanguage\":\"es\",\"potentialAction\":[{\"@type\":\"ReadAction\",\"target\":[\"https:\/\/www.vicpuntzero.cat\/es\/contenido-loc2\/\"]}]},{\"@type\":\"BreadcrumbList\",\"@id\":\"https:\/\/www.vicpuntzero.cat\/es\/contenido-loc2\/#breadcrumb\",\"itemListElement\":[{\"@type\":\"ListItem\",\"position\":1,\"name\":\"Inici\",\"item\":\"https:\/\/www.vicpuntzero.cat\/\"},{\"@type\":\"ListItem\",\"position\":2,\"name\":\"Nave Central\"}]},{\"@type\":\"WebSite\",\"@id\":\"https:\/\/www.vicpuntzero.cat\/#website\",\"url\":\"https:\/\/www.vicpuntzero.cat\/\",\"name\":\"Vic\",\"description\":\"L&#039;origen d&#039;una hist\u00f2ria\",\"publisher\":{\"@id\":\"https:\/\/www.vicpuntzero.cat\/#organization\"},\"potentialAction\":[{\"@type\":\"SearchAction\",\"target\":{\"@type\":\"EntryPoint\",\"urlTemplate\":\"https:\/\/www.vicpuntzero.cat\/?s={search_term_string}\"},\"query-input\":{\"@type\":\"PropertyValueSpecification\",\"valueRequired\":true,\"valueName\":\"search_term_string\"}}],\"inLanguage\":\"es\"},{\"@type\":\"Organization\",\"@id\":\"https:\/\/www.vicpuntzero.cat\/#organization\",\"name\":\"Vicpuntzero\",\"url\":\"https:\/\/www.vicpuntzero.cat\/\",\"logo\":{\"@type\":\"ImageObject\",\"inLanguage\":\"es\",\"@id\":\"https:\/\/www.vicpuntzero.cat\/#\/schema\/logo\/image\/\",\"url\":\"https:\/\/www.vicpuntzero.cat\/wp-content\/uploads\/2020\/12\/cropped-COLOR_POSITIU_HORITZONTAL.png\",\"contentUrl\":\"https:\/\/www.vicpuntzero.cat\/wp-content\/uploads\/2020\/12\/cropped-COLOR_POSITIU_HORITZONTAL.png\",\"width\":1920,\"height\":640,\"caption\":\"Vicpuntzero\"},\"image\":{\"@id\":\"https:\/\/www.vicpuntzero.cat\/#\/schema\/logo\/image\/\"}}]}<\/script>\n<!-- \/ Yoast SEO plugin. -->","yoast_head_json":{"title":"Nave Central | Vic","robots":{"index":"index","follow":"follow","max-snippet":"max-snippet:-1","max-image-preview":"max-image-preview:large","max-video-preview":"max-video-preview:-1"},"canonical":"https:\/\/www.vicpuntzero.cat\/es\/contenido-loc2\/","og_locale":"es_ES","og_type":"article","og_title":"Nave Central | Vic","og_description":"\u00a0 Estamos en la nave central de la iglesia barroca de la Piedad. El templo fue muy popular. Nos lo debemos imaginar lleno de gente que lo visitaba por devoci\u00f3n a los Santos M\u00e1rtires Luciano y Marciano, ya que, seg\u00fan la tradici\u00f3n, aqu\u00ed se guardaban sus reliquias. La Piedad se empez\u00f3 a construir en la [&hellip;]","og_url":"https:\/\/www.vicpuntzero.cat\/es\/contenido-loc2\/","og_site_name":"Vic","article_modified_time":"2021-03-19T09:44:29+00:00","twitter_card":"summary_large_image","twitter_misc":{"Tiempo de lectura":"1 minuto"},"schema":{"@context":"https:\/\/schema.org","@graph":[{"@type":"WebPage","@id":"https:\/\/www.vicpuntzero.cat\/es\/contenido-loc2\/","url":"https:\/\/www.vicpuntzero.cat\/es\/contenido-loc2\/","name":"Nave Central | Vic","isPartOf":{"@id":"https:\/\/www.vicpuntzero.cat\/#website"},"datePublished":"2020-11-27T11:43:42+00:00","dateModified":"2021-03-19T09:44:29+00:00","breadcrumb":{"@id":"https:\/\/www.vicpuntzero.cat\/es\/contenido-loc2\/#breadcrumb"},"inLanguage":"es","potentialAction":[{"@type":"ReadAction","target":["https:\/\/www.vicpuntzero.cat\/es\/contenido-loc2\/"]}]},{"@type":"BreadcrumbList","@id":"https:\/\/www.vicpuntzero.cat\/es\/contenido-loc2\/#breadcrumb","itemListElement":[{"@type":"ListItem","position":1,"name":"Inici","item":"https:\/\/www.vicpuntzero.cat\/"},{"@type":"ListItem","position":2,"name":"Nave Central"}]},{"@type":"WebSite","@id":"https:\/\/www.vicpuntzero.cat\/#website","url":"https:\/\/www.vicpuntzero.cat\/","name":"Vic","description":"L&#039;origen d&#039;una hist\u00f2ria","publisher":{"@id":"https:\/\/www.vicpuntzero.cat\/#organization"},"potentialAction":[{"@type":"SearchAction","target":{"@type":"EntryPoint","urlTemplate":"https:\/\/www.vicpuntzero.cat\/?s={search_term_string}"},"query-input":{"@type":"PropertyValueSpecification","valueRequired":true,"valueName":"search_term_string"}}],"inLanguage":"es"},{"@type":"Organization","@id":"https:\/\/www.vicpuntzero.cat\/#organization","name":"Vicpuntzero","url":"https:\/\/www.vicpuntzero.cat\/","logo":{"@type":"ImageObject","inLanguage":"es","@id":"https:\/\/www.vicpuntzero.cat\/#\/schema\/logo\/image\/","url":"https:\/\/www.vicpuntzero.cat\/wp-content\/uploads\/2020\/12\/cropped-COLOR_POSITIU_HORITZONTAL.png","contentUrl":"https:\/\/www.vicpuntzero.cat\/wp-content\/uploads\/2020\/12\/cropped-COLOR_POSITIU_HORITZONTAL.png","width":1920,"height":640,"caption":"Vicpuntzero"},"image":{"@id":"https:\/\/www.vicpuntzero.cat\/#\/schema\/logo\/image\/"}}]}},"_links":{"self":[{"href":"https:\/\/www.vicpuntzero.cat\/es\/wp-json\/wp\/v2\/pages\/198","targetHints":{"allow":["GET"]}}],"collection":[{"href":"https:\/\/www.vicpuntzero.cat\/es\/wp-json\/wp\/v2\/pages"}],"about":[{"href":"https:\/\/www.vicpuntzero.cat\/es\/wp-json\/wp\/v2\/types\/page"}],"author":[{"embeddable":true,"href":"https:\/\/www.vicpuntzero.cat\/es\/wp-json\/wp\/v2\/users\/1"}],"replies":[{"embeddable":true,"href":"https:\/\/www.vicpuntzero.cat\/es\/wp-json\/wp\/v2\/comments?post=198"}],"version-history":[{"count":21,"href":"https:\/\/www.vicpuntzero.cat\/es\/wp-json\/wp\/v2\/pages\/198\/revisions"}],"predecessor-version":[{"id":4025,"href":"https:\/\/www.vicpuntzero.cat\/es\/wp-json\/wp\/v2\/pages\/198\/revisions\/4025"}],"wp:attachment":[{"href":"https:\/\/www.vicpuntzero.cat\/es\/wp-json\/wp\/v2\/media?parent=198"}],"curies":[{"name":"wp","href":"https:\/\/api.w.org\/{rel}","templated":true}]}}

<div class="wp-block-buttons is-layout-flex wp-block-buttons-is-layout-flex"><div class="wp-block-button backButton"><a class="wp-block-button__link has-background no-border-radius" href="/es/mapa" style="background-color:#af1585" rel="/mapa">Volver atrás</a></div></div><div style="height:39px" aria-hidden="true" class="wp-block-spacer"></div><p> </p>
<!--[if lt IE 9]><script>document.createElement('audio');</script><![endif]-->
<audio class="wp-audio-shortcode" id="audio-198-1" preload="none" style="width: 100%;" controls="controls"><source type="audio/mpeg" src="https://www.vicpuntzero.cat/wp-content/uploads/2020/11/02-Nave-Central.mp3?_=1" /><a href="https://www.vicpuntzero.cat/wp-content/uploads/2020/11/02-Nave-Central.mp3">https://www.vicpuntzero.cat/wp-content/uploads/2020/11/02-Nave-Central.mp3</a></audio>
<table width="623" cellspacing="0" cellpadding="7">
<tbody>
<tr>
<td id="td-cloc2" valign="top" width="607">
<p lang="ca-ES" align="left"><span style="font-family: Times, serif;"><span style="font-size: large;">Estamos en la nave central de la iglesia barroca de la Piedad. El templo fue muy popular. Nos lo debemos imaginar lleno de gente que lo visitaba por devoción a los Santos Mártires Luciano y Marciano, ya que, según la tradición, aquí se guardaban sus reliquias.</span></span></p>
<p lang="ca-ES" align="left"><span style="font-family: Times, serif;"><span style="font-size: large;">La Piedad se empezó a construir en la primera mitad del siglo XVII sobre la antigua iglesia románica de Sant Sadurní. Desde el exterior todavía podemos ver un fragmento de su fachada en un lateral del edificio.</span></span></p>
<p lang="ca-ES" align="left"><span style="font-family: Times, serif;"><span style="font-size: large;">Las obras duraron muchos años y se financiaron con limosnas y con la ayuda de diversos<br />estamentos y gremios de la ciudad.</span></span></p>
<p lang="ca-ES" align="left"><span style="font-family: Times, serif;"><span style="font-size: large;">Esta es la primera iglesia construida por el linaje de los Morató, una familia vicense de hasta cinco generaciones de maestros de obra y escultores. Ellos son los autores de la mayoría de casas señoriales, iglesias y retablos de Vic, y su trabajo, presente también en otras poblaciones, incluye algunas obras capitales del Barroco Catalán.</span></span></p>
<p lang="ca-ES" align="left"><span style="font-family: Times, serif;"><span style="font-size: large;">Actualmente esta parte de la iglesia de la Piedad es utilizada como sala de exposiciones y espacio cultural.</span></span></p>
</td>
</tr>
</tbody>
</table>
<p lang="ca-ES"> </p>

<p>  Estamos en la nave central de la iglesia barroca de la Piedad. El templo fue muy popular. Nos lo debemos imaginar lleno de gente que lo visitaba por devoción a los Santos Mártires Luciano y Marciano, ya que, según la tradición, aquí se guardaban sus reliquias. La Piedad se empezó a construir en la [&hellip;]</p>

<!-- This site is optimized with the Yoast SEO plugin v23.9 - https://yoast.com/wordpress/plugins/seo/ -->
<title>Nave Central | Vic</title>
<meta name="robots" content="index, follow, max-snippet:-1, max-image-preview:large, max-video-preview:-1" />
<link rel="canonical" href="https://www.vicpuntzero.cat/es/contenido-loc2/" />
<meta property="og:locale" content="es_ES" />
<meta property="og:type" content="article" />
<meta property="og:title" content="Nave Central | Vic" />
<meta property="og:description" content="  Estamos en la nave central de la iglesia barroca de la Piedad. El templo fue muy popular. Nos lo debemos imaginar lleno de gente que lo visitaba por devoción a los Santos Mártires Luciano y Marciano, ya que, según la tradición, aquí se guardaban sus reliquias. La Piedad se empezó a construir en la [&hellip;]" />
<meta property="og:url" content="https://www.vicpuntzero.cat/es/contenido-loc2/" />
<meta property="og:site_name" content="Vic" />
<meta property="article:modified_time" content="2021-03-19T09:44:29+00:00" />
<meta name="twitter:card" content="summary_large_image" />
<meta name="twitter:label1" content="Tiempo de lectura" />
	<meta name="twitter:data1" content="1 minuto" />
<script type="application/ld+json" class="yoast-schema-graph">{"@context":"https://schema.org","@graph":[{"@type":"WebPage","@id":"https://www.vicpuntzero.cat/es/contenido-loc2/","url":"https://www.vicpuntzero.cat/es/contenido-loc2/","name":"Nave Central | Vic","isPartOf":{"@id":"https://www.vicpuntzero.cat/#website"},"datePublished":"2020-11-27T11:43:42+00:00","dateModified":"2021-03-19T09:44:29+00:00","breadcrumb":{"@id":"https://www.vicpuntzero.cat/es/contenido-loc2/#breadcrumb"},"inLanguage":"es","potentialAction":[{"@type":"ReadAction","target":["https://www.vicpuntzero.cat/es/contenido-loc2/"]}]},{"@type":"BreadcrumbList","@id":"https://www.vicpuntzero.cat/es/contenido-loc2/#breadcrumb","itemListElement":[{"@type":"ListItem","position":1,"name":"Inici","item":"https://www.vicpuntzero.cat/"},{"@type":"ListItem","position":2,"name":"Nave Central"}]},{"@type":"WebSite","@id":"https://www.vicpuntzero.cat/#website","url":"https://www.vicpuntzero.cat/","name":"Vic","description":"L&#039;origen d&#039;una història","publisher":{"@id":"https://www.vicpuntzero.cat/#organization"},"potentialAction":[{"@type":"SearchAction","target":{"@type":"EntryPoint","urlTemplate":"https://www.vicpuntzero.cat/?s={search_term_string}"},"query-input":{"@type":"PropertyValueSpecification","valueRequired":true,"valueName":"search_term_string"}}],"inLanguage":"es"},{"@type":"Organization","@id":"https://www.vicpuntzero.cat/#organization","name":"Vicpuntzero","url":"https://www.vicpuntzero.cat/","logo":{"@type":"ImageObject","inLanguage":"es","@id":"https://www.vicpuntzero.cat/#/schema/logo/image/","url":"https://www.vicpuntzero.cat/wp-content/uploads/2020/12/cropped-COLOR_POSITIU_HORITZONTAL.png","contentUrl":"https://www.vicpuntzero.cat/wp-content/uploads/2020/12/cropped-COLOR_POSITIU_HORITZONTAL.png","width":1920,"height":640,"caption":"Vicpuntzero"},"image":{"@id":"https://www.vicpuntzero.cat/#/schema/logo/image/"}}]}</script>
<!-- / Yoast SEO plugin. -->

Estamos en la nave central de la iglesia barroca de la Piedad. El templo fue muy popular. Nos lo debemos imaginar lleno de gente que lo visitaba por devoción a los Santos Mártires Luciano y Marciano, ya que, según la tradición, aquí se guardaban sus reliquias. La Piedad se empezó a construir en la [&hellip;]

L&#039;origen d&#039;una història
